of o(s)?
6
Let k(q) = q**3 - 59*q**2 - 225*q + 253. What is the units digit of k(67)?
0
Let j = -595 - -588. What is the hundreds digit of (1418/(-6))/(220/33 + j)?
7
Suppose -21868 = -4*p + 8*p. Let b be 2/(-33)*-3 + p/121. Let i = 74 + b. What is the tens digit of i?
2
Let k = -5946 - -8453. Suppose 3*h - k = -5*d, -4*d + 5*h - 2*h + 1984 = 0. What is the tens digit of d?
9
Let a(m) = 143*m**3 + 12*m**2 - 25*m - 26. What is the hundreds digit of a(4)?
2
Suppose 12 = -30*i + 32*i. What is the hundreds digit of (i + 100/6)*18?
4
Let f(m) = 37 + 6 + 4*m - 13 + 6*m**2 + 0*m. Let j = -13 - -7. What is the tens digit of f(j)?
2
Suppose 67*s - 522396 = 3*s + 262308. What is the ten thousands digit of s?
1
What is the units digit of (1 + (6 - -3))*(-1 - 11963/(-14))?
5
Let u(i) = -10*i**3 - 19*i**2 - 39*i - 20. What is the hundreds digit of u(-10)?
4
Suppose 7*m + 3*y + 2714 = 5*m, 2*m = -4*y - 2714. Let i = m - -1944. What is the tens digit of i?
8
Suppose q + 2*i + 1 = 0, q - i = -q + 13. Suppose -q*z - 37 = 48. What is the units digit of -14 - z - (4/2 + -47)?
8
Let y = 5 - -38. Let d = 57 - y. Let x = d + 18. What is the tens digit of x?
3
Suppose 150869 - 69005 = 31*u - 537640. What is the thousands digit of u?
9
Suppose -424*l + 11326 = -421*l + g, -l + g = -3770. What is the hundreds digit of l?
7
What is the hundreds digit of (5 - -43243) + 3 - 10?
2
Let y(x) be the second derivative of 5*x**4/3 - x**3/3 - x**2 + 36*x. Let q be 4 - 2*(-1)/(-1). What is the units digit of y(q)?
4
Suppose 3*m + 29*v = 27*v + 37722, 5*m + 4*v = 62868. What is the ten thousands digit of m?
1
Let d(v) = v**2 + 9*v + 11. Let g be d(-7). Let t be (-60)/(-8)*g/(9/(-2)). Suppose -7*h + 20 = -t*h. What is the tens digit of h?
1
What is the hundreds digit of (285/12)/((-16)/(-2432))?
6
Suppose -4158 = 839*w - 841*w. Suppose 627 = q + 2*l + 117, -4*q + 5*l + w = 0. What is the units digit of q?
6
Let f(s) = s**3 + 96*s**2 + 171*s - 312. What is the thousands digit of f(-94)?
1
Let t(o) = 318*o**3 - 1. Let y be t(1). Suppose 0 = -5*u + c + 1105, 10*c = -u + 13*c + 221. Let x = y - u. What is the tens digit of x?
9
Suppose -2*m = -262 - 132. Suppose 3*z + r - 111 - 190 = 0, 0 = -2*z + 3*r + m. What is the tens digit of z?
0
Suppose 7 = 4*d - 1. Suppose -41 = d*q - 4*w - 15, -4*q - 2 = 2*w. What is the units digit of 9/6 - (q - 1212/8)?
6
Suppose 38*z - 183766 + 132235 = 369433. What is the thousands digit of z?
1
Let q be 3 - (-2 - -6) - -2. Let i(s) = 107*s**3 - 2*s**2 + 3*s. What is the tens digit of i(q)?
0
Suppose 4*m + 4*u - 25 = -1, -3*m + 22 = -u. Suppose -m*p + 15*p - 3880 = 0. What is the hundreds digit of p?
4
Let f be 416 - (1/4*0 + 3). Let n = f + -27. What is the units digit of n?
6
Suppose -5239 = -122*d + 153*d. Let j(o) = 9*o**2 + 7*o + 3. Let w be j(-6). Let k = w + d. What is the hundreds digit of k?
1
Suppose -19*k + 1173 - 71 = 0. Let d be (-3)/(-12) + (-339)/(-4). Let j = d - k. What is the tens digit of j?
2
Let t = -1305 + 1223. Suppose 2*r + 87 = 5. Let d = r - t. What is the tens digit of d?
4
Suppose -70*v = 9*v - 49454. What is the units digit of v?
6
Suppose 29 = 2*c + 1. Suppose 0 = 5*n + c - 44. What is the tens digit of 38 - (n/(-3) - -2)?
3
Suppose 0 = 2*x - 5*u - 8343, -46*u + 50*u = 5*x - 20883. What is the thousands digit of x?
4
Let r = 1217 - 853. Suppose -11*b + r = -4*b. What is the tens digit of b?
5
Let v(j) = -20*j**3 - 2*j**2 - 14*j - 37. What is the tens digit of v(-6)?
9
Let i be (-6608)/(-24) - 4/(-6). Suppose -6*z + 5 = -49. Suppose 13*v = z*v + i. What is the units digit of v?
9
Let h(j) be the first derivative of 27*j**2 + 9*j + 26. Let m be h(-2). What is the units digit of ((-28)/(-21))/((-101)/m - 1)?
6
Suppose 0 = 2*s + 3*l + 195, -4*s = -3*l + 377 - 14. Let r = s - -519. What is the units digit of r?
6
Suppose -13*y + 265 + 450 = 0. Let g(m) = m**3 - 6*m**2 - 7*m - 5. Let r be g(9). Suppose -2*u + y = -5*b, -2*u - 3*b + r = 2*u. What is the units digit of u?
0
Let h be 7 + 459/(-63) - 16/(-7). Suppose -540 = -j - j - h*w, -5*j = w - 1338. What is the tens digit of j?
6
Suppose -3*c - 21 = -45, -2*x + 5*c + 55960 = 0. What is the thousands digit of x?
8
Let q = -293 + 593. Suppose 5*v - 260 = 3*o, 18*o - q = -5*v + 13*o. What is the units digit of v?
5
Suppose 56 - 11 = -5*k. What is the units digit of (-12)/(-8)*2/k*-186?
2
What is the ten thousands digit of (77/11 + -1 - -24942) + -4?
2
Let n = -121 - -140. Suppose -n = -3*v + 14. What is the tens digit of v?
1
Let j = -10 - -15. Suppose 0 = 3*f + 15, 4*a - 2*f - 3117 = -5*f. Suppose 0 = j*v - a + 73. What is the tens digit of v?
4
Let y(g) = 88*g + 14*g - 305 + 284. What is the units digit of y(4)?
7
Let s be 3/((-12)/(-8)) - 438. Let f = 742 + s. What is the tens digit of f?
0
Suppose 0 = -q + 6*q + 215. Let a = 203 + q. What is the hundreds digit of a?
1
Let v = 49075 + -3060. What is the ten thousands digit of v?
4
Let z(w) = -3*w - 14. Let y be z(-4). Let t be 2/2*(2 + y). Suppose t*f - 9*f = -648. What is the units digit of f?
2
Suppose -14 = -2*k - 56. Let n(b) = b**3 + 22*b**2 - 17*b - 6. Let f be n(k). Suppose 5*s - f = s. What is the units digit of s?
8
Suppose k = -2*k + 6. Let r(j) = 6 + 39*j**2 + 3*j - 4 + 10 - 11*j**k. What is the units digit of r(-3)?
5
Suppose -341 - 119 = 115*j. Suppose -2*c = -4*n - 3762, -n - 1389 = 3*c - 452. What is the tens digit of j/(-12) - n/15?
6
Let z(m) = -61*m - 39. Let n be z(8). Let l = n - -317. Let b = 34 - l. What is the tens digit of b?
4
Let a be (-30)/12*(9/(-5) + -1). What is the units digit of (4/(-10))/(a/(-9415)*1)?
8
Suppose 0 = -30*z + 718 + 78602. What is the units digit of z?
4
Let x(d) = -31*d - 29. Let q be -6*7/3*18/63. What is the units digit of x(q)?
5
Suppose -2*f - 3*x - 2*x - 725 = 0, -3*f - 3*x = 1083. Let i = 370 + f. What is the tens digit of i?
1
Suppose 12 = -2*i - i. Let w be 3 + (i/(-3))/((-6)/(-9)). Suppose 5*m = -3*u + 223, w*u + 13 = -m + 62. What is the tens digit of m?
4
What is the hundreds digit of (-308952)/(-108) + (-5)/(-15)?
8
What is the tens digit of 2056/((-4 - (-21)/5)*5/14)?
8
Suppose 85*c - 81*c - 5*h = 68849, 0 = -c + h + 17211. What is the ten thousands digit of c?
1
What is the tens digit of (-7)/(161/368) - -8339?
2
Let y(l) = l**2 - 14*l - 1. Let t be y(-21). Let s = 1352 - t. What is the tens digit of s?
1
Let j be (-18 - -14) + (-1 - -5). Suppose 5*k - 227 = -3*i, 5*k + j*i - 195 = 5*i. What is the units digit of (-2)/(-15) - k/(-15)?
3
Suppose 5*i - 348337 = c, 4*i - 6*c + 9*c = 278700. What is the thousands digit of i?
9
Let i(v) = -42*v + 30. Let s be i(-6). Let p = s + -19. Suppose p + 457 = 5*y. What is the tens digit of y?
4
Suppose 3*q - 29 = -2*q + v, q - v = 9. Suppose -5*f + 242 = -2*d - f, 0 = -d - q*f - 100. Let k = d + 175. What is the units digit of k?
0
What is the ten thousands digit of 1 + -6 + -50 + 11666?
1
Let k = 5 + -3. Let a be 36/(-81) - 16/(-36). Suppose a = -x + 5, 4*h + k*x - 408 = 2*h. What is the hundreds digit of h?
1
Suppose -353 = 3*y + 16. Let n = 370 - y. What is the units digit of n?
3
Let j be ((-308010)/(-35) - 7) + (-6)/21. What is the tens digit of 1/2 - j/(-18)?
8
Let c be 521/(-2)*(69 - 75). Let n = c + -534. What is the units digit of n?
9
Let k(g) = -13*g**3 + 1 + 5*g**3 + 4*g**2 + 5*g**3. Let l(u) = 3*u**3 - 5*u**2 - 1. Let n(o) = 6*k(o) + 5*l(o). What is the units digit of n(-1)?
3
Let a(z) = -3605*z + 610. What is the hundreds digit of a(-13)?
4
Suppose -5*u + 73 = -437. Suppose 0*t = -t - 50. Let g = u + t. What is the tens digit of g?
5
Let u = -202 - -220. Suppose u*p - 2816 = 7*p. What is the hundreds digit of p?
2
Let w be (-1832)/(-48) + (-2)/12. Let x = w + -36. What is the tens digit of ((-3)/((-18)/(-12)))/(x/(-97))?
9
Suppose 0*s - 3*s - 1 = i, -4*s = -5*i - 5. Let n be (s - 3/(-2)) + (-332)/(-8). Suppose 5*r - n = 362. What is the units digit of r?
1
Let h(c) = c**3 + 16*c**2 - 19*c - 34. Let l be h(-17). Suppose 3*d = -l*d - n + 799, n - 1331 = -5*d. What is the tens digit of d?
6
Let w = -606 - -864. Let y be 2/(0 + 2)*w. Let s = -105 + y. What is the hundreds digit of s?
1
Let n(m) = 23 + 18*m + 477*m**2 - 3 + 385*m**2 - 4. What is the tens digit of n(-1)?
6
Suppose -388 + 103 = -57*p. What is the thousan